inder when 17 is divided by f(1)?
5
Suppose -k + 3*y + 11 + 20 = 0, -5*k - y = -91. What is the remainder when 151 is divided by k?
18
Suppose -3*t + 2*t + 12 = -2*m, -4 = -2*m. Calculate the remainder when 79 is divided by t.
15
Let t(k) = 11*k - 14. What is the remainder when t(6) is divided by 18?
16
Let k be (-2)/(-7) + 36/21. Suppose 51 = k*m + m. Calculate the remainder when m is divided by 6.
5
Suppose -2*l + 4*x = -6*l + 136, 0 = -5*x - 25. Let j = l + -16. Let r = -10 + 18. What is the remainder when j is divided by r?
7
Suppose 9*x - 438 = 354. What is the remainder when x is divided by 23?
19
Let z(x) = -5*x**3 + x**2 - x + 3. Let b be z(-2). Let r = 99 - b. Calculate the remainder when r is divided by 17.
16
Let r(u) = u**2 + 4*u + 12. Calculate the remainder when 40 is divided by r(-5).
6
Suppose 34 = j - 2*p, -j - 5*p = -4 + 5. What is the remainder when 117 is divided by j?
21
Suppose -2*d + 8 = 0, d + 32 = 4*t - d. Calculate the remainder when t is divided by 3.
1
Let a = -5 - -13. What is the remainder when 27 is divided by 33/6 + 4/a?
3
Let n = 43 + 15. What is the remainder when n is divided by 5?
3
Let z(b) = 2*b**2 - 3*b - 15. Let s(r) = r**2 + 4*r + 2. What is the remainder when z(5) is divided by s(-5)?
6
Suppose 5*j = -4*d - 2, -4*d - 4*j + 0*j = 0. Calculate the remainder when 76/14 - (-68)/119 is divided by d.
0
Let o = -7 - -4. What is the remainder when -2 - (-3 - -2) - (-18)/1 is divided by -1 + 11 + 2 + o?
8
Suppose -p - 37 = 4*h - 3*h, 5*h + 3*p = -193. Let l = h - -59. Calculate the remainder when l is divided by 5.
3
Let r(i) = -i**2 + 4. Let z be r(0). Let b = z - -5. Let g = -33 - -58. Calculate the remainder when g is divided by b.
7
Let b(y) = -y**3 + 8*y**2 - 3. Calculate the remainder when b(7) is divided by 25.
21
Let q(m) = m**2. Let x(h) = -h**2 - 4*h - 2. Let d(z) = 3*q(z) + x(z). Let p(j) = -j**2 - 8*j + 3. Calculate the remainder when d(-3) is divided by p(-7).
8
Let z(v) = -v**2 - v + 10. Calculate the remainder when 17 is divided by z(0).
7
Let a(x) = 9*x. Let n(r) = -14*r. Let v(t) = 8*a(t) + 5*n(t). Calculate the remainder when v(2) is divided by 2.
0
Let a = 10 - 6. Suppose 5*c = 4*d + 16, 2*c = 4*d + 6 - 2. Suppose 0 = x - d - 1. What is the remainder when a is divided by x?
0
Suppose -r = 4 - 2. Let t be 2 + (0/(-2) - r). Let k = 6 - t. What is the remainder when 2 is divided by k?
0
Suppose -h = 3*h + 4, -4*n = 2*h - 34. What is the remainder when 43 is divided by n?
7
What is the remainder when 40 is divided by 18 - (-4 + 2 + 6)?
12
Let c = -73 - -102. What is the remainder when c is divided by 6?
5
Let g(i) = i - 5 - 2 + 1 + i. Calculate the remainder when g(10) is divided by 5.
4
Suppose -2*b - 3*b = 2*g + 64, -64 = 2*g - 5*b. Let t be ((-3)/2)/(3/g). Suppose -n - n + t = 0. Calculate the remainder when 22 is divided by n.
6
Suppose -5*d + 54 + 26 = 0. Calculate the remainder when 27 is divided by d.
11
Let z(u) = -u + 10. Let j = -3 + -2. What is the remainder when 27 is divided by z(j)?
12
Let d(o) = 39*o**2 - 5*o. Let z(l) = -19*l**2 + 3*l. Let j(i) = 4*d(i) + 7*z(i). What is the remainder when j(-1) is divided by 12?
10
Let n(k) be the third derivative of -k**6/120 - k**5/12 - k**4/8 - k**3/3 - 6*k**2. What is the remainder when 36 is divided by n(-5)?
10
Let w(a) = -19*a + 10. What is the remainder when w(-3) is divided by 17?
16
Suppose 5*a = 8 - 28, 5*u - 280 = -5*a. Suppose 5*h = -r + u, -4*h + 14 + 5 = -5*r. Calculate the remainder when 21 is divided by h.
10
Let j be (0 + 447)*(-5)/(-15). Suppose -4*f + 2*c - c = -200, c = 3*f - j. Calculate the remainder when f is divided by 13.
12
Let u = 5 - 8. Let p = -2 - u. Suppose 3*w = 4*w - 1. What is the remainder when p is divided by w?
0
Let v(s) = -3*s**3 - 2*s**2 + 1. Let u be v(-1). What is the remainder when 9 is divided by u + (2 - 2) + 1?
0
Suppose 4*q + 0*j - 27 = 5*j, 15 = 2*q - j. Let b(m) be the first derivative of 9*m**2/2 + 2*m + 1. What is the remainder when b(3) is divided by q?
5
Suppose 0 = -0*q - q + 9. What is the remainder when 16 is divided by q?
7
Let f = -132 + 251. Let n = -69 + f. Calculate the remainder when n is divided by (-1)/(-1) + 0 + 16.
16
Suppose l - 4*l = -72. Let m = 35 - l. What is the remainder when 20 is divided by m?
9
Let s = 31 + -2. What is the remainder when s is divided by 10?
9
Suppose 0*j - j + 9 = 0. What is the remainder when 10 is divided by j?
1
Let n = -39 + 56. What is the remainder when 79 is divided by n?
11
Let s = 23 + -13. Suppose 0 = b + u - 30, 2*u + 83 = 4*b - 19. What is the remainder when b is divided by s?
7
What is the remainder when 84 is divided by (1 - -10)*(2/2 + 1)?
18
Suppose -t + 3 = 0, -p + 0*p - 128 = 4*t. Let f be (-2)/3 - p/12. Suppose -w = -43 + f. What is the remainder when w is divided by 11?
10
Let r(w) = -w + 9. What is the remainder when 71 is divided by r(-6)?
11
Let g(o) = -5*o**2. Let p(r) = -r**2 + r - 1. Let a(w) = -g(w) + 4*p(w). Let d(m) = -m - 1. Let n be d(6). What is the remainder when 50 is divided by a(n)?
16
Let r(b) = -b**3 - 4*b**2 + 7*b + 7. Let x be r(-5). What is the remainder when 8 is divided by (0 + 1)/(x/(-15))?
3
Calculate the remainder when ((-370)/(-20))/((-2)/(-4)) is divided by 20.
17
Suppose 8 = 5*g - 17. Suppose -2*t + 4 = -2*d, t = -3*t + 5*d + g. Suppose t*z - 66 = 3*w, w + 4*w - 38 = -4*z. What is the remainder when 21 is divided by z?
9
Let i(s) = -2*s - 6. Calculate the remainder when 10 is divided by i(-6).
4
Suppose 3*x - 19 - 17 = 0. Calculate the remainder when 33 is divided by x.
9
Let f = -114 - -235. Suppose f = 4*p - 43. Suppose 2*u + 3 - 31 = 0. What is the remainder when p is divided by u?
13
Let s(l) = -l**3 - 2*l**2 + 4*l + 1. Let w(f) = -2*f + 6. Let h be w(5). What is the remainder when s(h) is divided by 6?
5
Let k be ((-9)/(-12))/(2/8). Let q be 1 - (3 + -1)/2. Suppose q = 2*u - 6*r + 2*r - 22, 0 = k*r + 9. Calculate the remainder when u is divided by 4.
1
Let l(z) = z**3 + 6*z**2 + 4*z + 4. Let f(g) = g**3 + 2*g**2 - 1. Let j be f(-1). Suppose j*i = 2*i - 22. Calculate the remainder when l(-4) is divided by i.
9
What is the remainder when 12 - (3 + (-7 - -3)) is divided by 7?
6
Let j = 70 - 59. Let m(g) = -5*g**2 + g - 1. Let z be m(-2). Calculate the remainder when (z + 4)*(1 + -2) is divided by j.
8
Let f(m) = -m**3 - 9*m**2 - m + 13. Suppose 53 = s - 6*s + 2*k, -s - 2*k = 1. What is the remainder when 42 is divided by f(s)?
20
Suppose -v + 1 = -2. Let d = 11 - v. What is the remainder when 22 is divided by d?
6
Suppose 0 = -4*h + 2 + 78. Let g(l) = 13*l**3 - 2*l**2 + l + 1. What is the remainder when g(2) is divided by h?
19
Let j(c) = -c**3 - 10*c**2 + 11*c - 4. Let z(q) = -q**3 - 11*q**2 + 12*q - 3. Let x(n) = -7*j(n) + 6*z(n). What is the remainder when 38 is divided by x(-5)?
8
Let q(f) = -f + 8. Let t = -23 + 17. Calculate the remainder when 39 is divided by q(t).
11
Let y = 27 + 4. Calculate the remainder when y is divided by 16 + (-2 - (-2)/1).
15
Let l(m) = m**2 + 4*m - 11. Suppose -3*a + 240 = a. Calculate the remainder when a is divided by l(-8).
18
Suppose 4*c + 1 = 3*c, -3*c - 63 = 3*d. Let u = d + 32. Suppose -u = -5*i + 8. What is the remainder when 6 is divided by i?
2
Let i = -2 + 2. Suppose -3*n - 9 = t - i*t, 10 = -2*t - 4*n. Calculate the remainder when t is divided by 2.
1
Suppose 2*b - 54 = 20. Suppose -7 = -2*m + b. Calculate the remainder when m is divided by (-12)/((-2)/4 + -1).
6
Let w be 1/8*-2*-4. Calculate the remainder when (0 - (-7 - -1)) + w is divided by 5.
2
Let v be 3 - (-4)/(16/(-12)). Suppose 4*h = -4*l + 184, -3*h + 128 = -v*h + 5*l. What is the remainder when h is divided by 18?
15
Let v(r) = r. Calculate the remainder when 27 is divided by v(10).
7
Let l = 54 + -18. Let w = 16 + -3. Calculate the remainder when l is divided by w.
10
Let r(j) = j + 8. Let t be r(-6). Suppose p = -t*z + 31, -5*p = 2*z + 5 - 24. What is the remainder when 50 is divided by z?
16
Suppose 0 = -3*d - 3*d + 18. Suppose -h + d*h = 74. Calculate the remainder when h is divided by 19.
18
Let j(k) = k**3 - 2 - 4*k + 8*k - 1. Calculate the remainder when j(4) is divided by 26.
25
Let q = 15 + 2. Calculate the remainder when (2/(-4))/((-4)/392) is divided by q.
15
Suppose 2*n + 24 = z + 3